21 - (8 + 15)
11
9 - (-6 - (-26 + 7 + 27 + 14))
37
What is the value of -175 + 201 + (20 - 54) + (72 - (-1 + 1))?
64
What is 9 + (232 - (-8 - -126))?
123
What is (46 - (50 - 23)) + 42?
61
What is the value of -49 + (-36 - -77) + 45?
37
What is the value of 173 + 28 + -89 - 134?
-22
Evaluate -17 + 47 + -66 + -18.
-54
What is -9 + (40 - 8) + -6?
17
Calculate (1 - 4) + (-80 - -64) + (-28 + 13 - -23).
-11
Evaluate -41 + (-132 - -144) + (0 - 0) + -8.
-37
(-62 - -62) + 28 + -53
-25
Calculate 82 + 324 + -315 + 0 + -37.
54
Calculate (-45 - -1) + (-2242 - -2222) - (1 + -3 + -11).
-51
What is -7 - 34 - (5 - 52)?
6
(5 - -11) + -6 - -58 - ((13 - 7) + -3)
65
What is -79 + (-10 - (17 + -37)) + -8 + 2 + 3?
-72
What is 0 + 142 + 0 - (-62342 - -62387)?
97
Evaluate -1 + -5 + (-28 - 5 - (49 + -21 + -11)).
-56
-310 + 328 + (-15 - -6) + (-2 - -7)
14
What is the value of (-197 - -399) + -186 - (1 - 15)?
30
12 + (9 + -24 - (-20 - 6))
23
What is the value of -15 + 1 - (0 + 60)?
-74
(1596 - 1600) + (48 - 6 - -1)
39
What is the value of -8 - (-1 + (-16 - (7 + (8 - 6)) - 8))?
26
What is (-148 - 0) + -43 + 152?
-39
Calculate (-33 - -3 - -3) + -34 + 21.
-40
What is -23 + (-26 - (39 - 97))?
9
Calculate -15 + -34 - -23 - -46.
20
What is the value of -23 - 0 - (4 - (23 - 6)) - 13?
-23
30 - 19 - 34 - 13
-36
Calculate 18 - (-13 + 29 - -35).
-33
Calculate (-24 - -8 - -42) + 21 + -1.
46
Evaluate ((-2 - (-7 + 9)) + 8 - -11) + -61.
-46
Calculate -2 + -1 + 4 + -11 - (-2240 + 2241).
-11
Calculate (0 - -5 - (9 + -3) - 5) + 7.
1
What is 49 - 94 - ((-17 - -1) + 19 + -14)?
-34
-53 - (13 + -38) - 26
-54
2 + 0 + -7 + -3 + 12 + -30
-26
What is (18 - -17) + -120 - (-11 - (-1 + 0 - 0))?
-75
What is the value of -2 - ((68 - (54 - -30)) + -7 + 0)?
21
(2 - -2) + -10 + 33 - (-4 + 1 + -3)
33
Calculate 5 + 1 + 1 + -19 - (-95 - -56).
27
Evaluate -9 - 3 - 1 - (-133 - (-113 - 30)).
-23
What is the value of (1 + 0 - (-9 - (44 + 52))) + -10?
96
8 - (63 - 4) - (-5 - (4 - -2 - 8))
-48
What is 18081 + -18085 - ((0 - 18) + 1)?
13
What is 41 + (-97 - -95 - (6 + 1))?
32
-77 + 164 + 9 + -56
40
What is the value of (2 - (78 - 65)) + 35?
24
Calculate -102 - (71 + -64 + -42).
-67
(-7 + 25 + (20 - 40) - 12) + -96
-110
What is the value of -38 - (-67 + (-42 - -71))?
0
-4 - (-46 - (64 + -91))
15
23 + -21 - (-5 + 1) - (84 + -27 + 14)
-65
What is -48 + -5 + 37 - (3 + -1)?
-18
What is -12 - (8 - 33) - (7 + -2 - 7)?
15
What is the value of 12 + (-18 - (10 - (9 + -20 + 15)))?
-12
What is 20 - (-72 - -22 - -70)?
0
What is the value of 11 + -7 - (-107 - (-42 - 18))?
51
Calculate 27 + (0 - ((20 - 24) + 3)).
28
(-31 - (8 + (-5 - -3))) + (-28 - -26)
-39
What is the value of 516 + -526 + (-16 - (0 - 0) - 0 - 0)?
-26
-22 + 21 + 38 - 45
-8
What is the value of (-3805 - -3814) + (10 - 1)?
18
Evaluate 9 - (117 + -135 + -4 + 16).
15
Calculate 1 + 2 + (-6 - 44) - (-2995 + 3002).
-54
38 - (-11 - (-23 + 12 - -14) - -8)
44
What is -13 - ((-892 - -905) + -20 + -1 + 57 + 1)?
-63
What is the value of 5 + -3 + 0 + -6 + -12?
-16
Calculate 109 - (1 + (-18 - 1) - (-13132 - -13115)).
110
(-74 + 4 - (13 + -18)) + 8 + 11 + -14
-60
What is the value of 65 - (-102 - -157) - 64?
-54
Calculate -6 + (10 - 67) + (19 - 1).
-45
-8 + (-36 - (42 + -45)) + (-1 - 8) + 1
-49
((-20 - -24) + 4 - 22) + 5
-9
81 + -48 + (-73 - -113)
73
What is 4 + 3 + (-20 - (-36 - -21) - (0 - 2))?
4
Evaluate 1 + 24 + 43 + 1 + 26 + 25.
120
Evaluate -8 + 42 - -12 - (-8 - (-7 - -6)) - 13.
40
(-3 + 44 - 1) + -50 - -38
28
Calculate -138 + 110 + (23 - -14).
9
What is 16 - (16 - 3) - 17 - -7?
-7
Calculate (6 - (9 - -4)) + (-10 - -3 - -6) + 32.
24
What is -55 + (40 + -10 - 25) + -2 + -1?
-53
Calculate 19 + (32 + -27 - 65).
-41
-41 + (-46 - -76) - (50 + 1)
-62
Calculate 0 + -44 + -66 + (90 + -42 - -2).
-60
Calculate (0 - -28) + 492 + -491 + 0 + -17 + 4.
16
Evaluate 0 + 4 - -6 - ((-3 - -12) + -21 + -27).
49
What is 64 - (-27 + 23 + 3)?
65
Evaluate (64 - 32) + (0 + 0 - (-21 + (-17 - -32))).
38
What is (-6 - -13) + (-12 - (-7 - -7)) + (90 - 0)?
85
Calculate -5 + 8 - 10 - (0 + -20 + -9 + 25).
-3
Evaluate 13 - 2 - (4 + 44 + -2) - (12 + -5).
-42
What is -91 - (-2 + 13 + -32) - -21?
-49
What is -8 + (-22 + 19 - 18) + -20?
-49
25 - (-45 + (-5 - -126))
-51
What is (-26 - (19 + 5)) + 87?
37
Calculate 30 - (-50 - -4) - (3 + (-5 - -2)).
76
Evaluate -86 - ((-1 - -10) + (-5 + 5 + 6 - 20)).
-81
What is (-21 - -38 - 6) + 8 - (111 + -2)?
-90
Calculate (-64 + 53 + 33 - (11 + 0)) + 58.
69
What is the value of -12 + 75 + -14 + -16?
33
97 + -11 + (5 - (-16 - -1)) + -18
88
What is the value of -95 + (-167 - -111 - -249)?
98
40 - (-7 - -2 - (14 + -24)) - 2
33
(8 - 5 - (5 - (2 + -1))) + -8 - -93
84
What is the value of 9 - ((-4 - -15) + 52 + 14 + 1)?
-69
Evaluate (23 - ((-1 - -30) + -10)) + -56.
-52
30 + (-4 - -1 - (10 + -10)) - -8
35
Calculate 2 - 1 - (-22 - (-22 + (13 - -3))).
17
Evaluate -19 - (-5 - 11 - (5 + -1)).
1
What is 25 + 0 + -18 + -3 - 3?
1
What is 26 - (-1 + 37 - (334 + -356))?
-32
-4129 + 4137 - (88 + 4 + -3)
-81
What is the value of -10 - (-13 - 2 - ((-94 - -60) + -46))?
-75
What is 1 + 58 - 4 - (26 + -7 - 8)?
44
What is 15 + -43 - (205 - 286)?
53
Calculate 1 + -5 - (10 - (-12 - (-94 + 7 + -5))).
66
Evaluate -49 + 0 + (3 - 3).
-49
What is (-49 - (-42 + -27)) + (-4 + 1 - -2) + 4?
23
What is the value of -69 - (8 + -37) - (22 + -4 - 5)?
-53
What is -34 + -28 + 45 + -21?
-38
Evaluate -254 - ((-88 - -195) + -248).
-113
What is the value of 49 - (58 + 11) - (-1 - -74)?
-93
-69 - -84 - 3 - (4 + 69)
-61
What is -979 + 1088 + (0 + -3 - (7 + -5 - 9))?
113
22 - (373 - 374 - (1 + -29))
-5
What is 13 - (22 - -2 - (-77 + 156))?
68
What is the value of -34 + (-65 - (-81 + -61))?
43
Calculate (3321 - 3404) + 0 + 39.
-44
What is the value of 32 + ((-3 + -7 - 2) + 8 - -6)?
34
Calculate -54 - (-1 - (107 + -55)).
-1
(17 - 52) + -28 - -48
-15
Evaluate 8 + (-28 - (16 + -19)) + 17.
0
Calculate (-54 - 56) + 35 - -33.
-42
-598 + 613 + (1 - (-1 - -1)) - 21
-5
Evaluate 217 + -183 + (3 - 24 - 0 - -4).
17
What is the value of 16 - (4 - 5) - (239 + -181)?
-41
Calculate (4 - 4 - -14) + (-31 + 39 - 23).
-1
Evaluate 129 + (-72 - (1 + -7)).
63
Calculate (102 - 118 - -47) + (-1 - 15).
15
Calculate (-4 - 13 - -18) + 12 - (-2 + 12).
3
Evaluate (0 - -1) + (28 - (-296 + 253)).
72
Calculate 31 + -3 + (0 - 5) + 24 + -14.
33
What is -11 - (14 + 2 - -11 - 86)?
48
What is the value of (3 - (-40 + (-34 - -24 - -28))) + -7 + 0?
18
What is the value of 65 - 19 - 25 - 82?
-61
Evaluate 5 - 26 - (59 + (-208 - -42)).
86
What is -38 - 3 - ((18 - 42) + 30)?
-47
(-39 - (44 + -24 - 18)) + (4 - -1) + 0
-36
18 + 4 - (-15 + (-3 - 0) + 5)
35
What is -18 + (1 - -3) + 11 + (-12 - -5 - -1)?
-9
Evaluate (29 - (19 - 41)) + -35.
16
-34 - 59 - (72 - 285)
120
Evaluate (102 - (199 - 101)) + (2 - -1 - 0) - 8.
-1
What is the value of -3 + 11 + (-3 - 20 - 5)?
-20
Evaluate (-21 + 20 - (51 - 28)) + -34.
-58
What is (-3 + 9 - (2 + 1)) + (-114 - -4 - -39)?
-68
Calculate 223 + -1 - (17790 + -17684).
116
What is the value of (2 - -13) + (-10 - -2) - (5 - 27)?
29
Evaluate 2 + (9 - -10) + -15 + 9 + 4.
19
What is the value of -25 - ((-11 + 12 - (27 + -31)) + -15)?
-15
What is the value of (-3 - 1) + (-11 - (-59 - (4 - 3)))?
45
Evaluate (-28 + 11 + 12 - -65) + 8 + -9 - -8.
67
Evaluate -9 + 87 + (33 - 82).
29
Calculate (-61 - (13 + -46)) + (3 - -5).
-20
What is 1 + -1 + -9 + (-383 - -321) + -22?
-93
What is the value of -6 + (6 - 10 - 15 - -9) + 0 + 4?
-12
-143 + (72 - -81) - (-2 - 24)
36
What is the value of 27 + -62 + 25 + 21 - 43?
-32
Evaluate 9 - 106 - (-35 - 16).
-46
What is -58 - (9 - -16) - ((3 - -2) + 5)?
-93
(9 - (15 - (1 + 6))) + (-71 - -53)
-17
What is -19 + (-27 + 9 - -22)?
-15
What is -157 + 39 + (57 - 0)?
-61
Evaluate 14 - (-72 + 55) - 27.
4
Calculate -3 + 1 + (32 - (55 + -108 - -38)).
45
What is the value of (-1 - 4) + (0 + -3 + -5 - (-48 + -5))?
40
Calculate -128 + 95 + 26 - -118.
111
What is -17267 - -17182 - (-1 + -49)?
-35
Evaluate (-30 - (-6 + 25 + -16)) + 76.
43
-52 + (49 - -10 - 34)
-27
What is (17 - 8) + -10 - (39 - 25)?
-15
Evaluate 117 - (-93 + (-5 - -104)).
111
What is the value of (5 + -3 - 73) + (-99 - -99) + -10?
-81
What is the value of (27 - 42) + -19 + 8 - -108?
82
Evaluate (0 + 1 + 5 - (82 - 50 - 31)) + -41.
-36
What is the value of (582